{"id":609,"date":"2023-10-16T16:49:25","date_gmt":"2023-10-16T16:49:25","guid":{"rendered":"https:\/\/abbi-essentiels.fr\/?page_id=609"},"modified":"2025-01-27T15:34:49","modified_gmt":"2025-01-27T15:34:49","slug":"abbicare","status":"publish","type":"page","link":"https:\/\/abbi-essentiels.fr\/index.php\/abbicare\/","title":{"rendered":"Univers B\u00e9b\u00e9 &amp; Sant\u00e9"},"content":{"rendered":"\n<div class=\"wp-block-cover is-light\" style=\"min-height:245px;aspect-ratio:unset;\"><span aria-hidden=\"true\" class=\"wp-block-cover__background has-background-dim-0 has-background-dim\" style=\"background-color:#b1a9b4\"><\/span><img loading=\"lazy\" decoding=\"async\" width=\"3000\" height=\"600\" class=\"wp-block-cover__image-background wp-image-1074\" alt=\"\" src=\"https:\/\/abbi-essentiels.fr\/wp-content\/uploads\/2025\/01\/3-2.png\" data-object-fit=\"cover\" srcset=\"https:\/\/abbi-essentiels.fr\/wp-content\/uploads\/2025\/01\/3-2.png 3000w, https:\/\/abbi-essentiels.fr\/wp-content\/uploads\/2025\/01\/3-2-300x60.png 300w, https:\/\/abbi-essentiels.fr\/wp-content\/uploads\/2025\/01\/3-2-1024x205.png 1024w, https:\/\/abbi-essentiels.fr\/wp-content\/uploads\/2025\/01\/3-2-768x154.png 768w, https:\/\/abbi-essentiels.fr\/wp-content\/uploads\/2025\/01\/3-2-1536x307.png 1536w, https:\/\/abbi-essentiels.fr\/wp-content\/uploads\/2025\/01\/3-2-2048x410.png 2048w, https:\/\/abbi-essentiels.fr\/wp-content\/uploads\/2025\/01\/3-2-600x120.png 600w\" sizes=\"auto, (max-width: 3000px) 100vw, 3000px\" \/><div class=\"wp-block-cover__inner-container is-layout-flow wp-block-cover-is-layout-flow\">\n<p><\/p>\n\n\n\n<p class=\"has-text-align-center has-large-font-size\"><\/p>\n<\/div><\/div>\n\n\n\n<div style=\"height:36px\" aria-hidden=\"true\" class=\"wp-block-spacer\"><\/div>\n\n\n\n<div class=\"wp-block-query is-layout-flow wp-block-query-is-layout-flow\"><ul class=\"columns-4 wp-block-post-template has-small-font-size is-layout-grid wp-container-core-post-template-is-layout-1 wp-block-post-template-is-layout-grid\"><li class=\"wp-block-post post-654 product type-product status-publish has-post-thumbnail product_cat-abbicare product_tag-univers-bebe-sante first instock shipping-taxable product-type-external\">\n<div data-block-name=\"woocommerce\/product-image\" data-is-descendent-of-query-loop=\"true\" class=\"wc-block-components-product-image wc-block-grid__product-image wc-block-components-product-image--aspect-ratio-auto wp-block-woocommerce-product-image\"><a href=\"https:\/\/abbi-essentiels.fr\/index.php\/produit\/thermometre-frontal-et-auriculaire-infrarouge\/\" style=\"\" data-wp-on--click=\"woocommerce\/product-collection::actions.viewProduct\"><img loading=\"lazy\" decoding=\"async\" width=\"600\" height=\"600\" src=\"https:\/\/abbi-essentiels.fr\/wp-content\/uploads\/2023\/10\/B0F74F1CBM.MAIN-1-600x600.jpg\" class=\"attachment-woocommerce_single size-woocommerce_single\" alt=\"Thermom\u00e8tre frontal et auriculaire infrarouge\" data-testid=\"product-image\" data-image-id=\"1158\" style=\"object-fit:cover;\" srcset=\"https:\/\/abbi-essentiels.fr\/wp-content\/uploads\/2023\/10\/B0F74F1CBM.MAIN-1-600x600.jpg 600w, https:\/\/abbi-essentiels.fr\/wp-content\/uploads\/2023\/10\/B0F74F1CBM.MAIN-1-300x300.jpg 300w, https:\/\/abbi-essentiels.fr\/wp-content\/uploads\/2023\/10\/B0F74F1CBM.MAIN-1-1024x1024.jpg 1024w, https:\/\/abbi-essentiels.fr\/wp-content\/uploads\/2023\/10\/B0F74F1CBM.MAIN-1-150x150.jpg 150w, https:\/\/abbi-essentiels.fr\/wp-content\/uploads\/2023\/10\/B0F74F1CBM.MAIN-1-768x768.jpg 768w, https:\/\/abbi-essentiels.fr\/wp-content\/uploads\/2023\/10\/B0F74F1CBM.MAIN-1-1320x1320.jpg 1320w, https:\/\/abbi-essentiels.fr\/wp-content\/uploads\/2023\/10\/B0F74F1CBM.MAIN-1-100x100.jpg 100w, https:\/\/abbi-essentiels.fr\/wp-content\/uploads\/2023\/10\/B0F74F1CBM.MAIN-1.jpg 1500w\" sizes=\"auto, (max-width: 600px) 100vw, 600px\" \/><div class=\"wc-block-components-product-image__inner-container\"><\/div><\/a><\/div>\n\n<h3 class=\"has-text-align-center wp-block-post-title has-medium-font-size\">Thermom\u00e8tre frontal et auriculaire infrarouge<\/h3>\n\n<div data-block-name=\"woocommerce\/product-price\" data-font-size=\"medium\" data-is-descendent-of-query-loop=\"true\" data-style=\"{&quot;spacing&quot;:{&quot;margin&quot;:{&quot;bottom&quot;:&quot;1rem&quot;}}}\" data-text-align=\"center\" data-text-color=\"neve-text-color\" style=\"margin-bottom:1rem;\" class=\"wp-block-woocommerce-product-price\" ><div class=\"wc-block-components-product-price wc-block-grid__product-price has-text-align-center has-font-size has-medium-font-size has-text-align-center has-text-color has-neve-text-color-color\" style=\"margin-bottom:1rem;\" >\n\t\t\t\t\t<span class=\"woocommerce-Price-amount amount\"><bdi>24,99&nbsp;<span class=\"woocommerce-Price-currencySymbol\">&euro;<\/span><\/bdi><\/span>\n\t\t\t\t<\/div><\/div>\n\n<div data-block-name=\"woocommerce\/product-button\" data-is-descendent-of-query-loop=\"true\" data-style=\"{&quot;spacing&quot;:{&quot;margin&quot;:{&quot;bottom&quot;:&quot;1rem&quot;}},&quot;color&quot;:{&quot;background&quot;:&quot;#f1d500f7&quot;},&quot;typography&quot;:{&quot;fontSize&quot;:&quot;16px&quot;}}\" data-text-align=\"center\" data-text-color=\"neve-text-color\" style=\"font-size:16px;\" class=\"wp-block-button wc-block-components-product-button   align-center wp-block-woocommerce-product-button\"\n\t\t\t\t\t\n\t\t\t\t\tdata-wp-context='{\"quantityToAdd\":1,\"productId\":654,\"productType\":\"external\",\"addToCartText\":\"D\\u00e9couvrir notre produit\",\"tempQuantity\":0,\"animationStatus\":\"IDLE\",\"inTheCartText\":\"### dans le panier\",\"noticeId\":\"\",\"hasPressedButton\":false}'\n\t\t\t\t>\n\t\t\t\t\t<a\n\t\t\t\t\t\tclass=\"wp-block-button__link wp-element-button wc-block-components-product-button__button product_type_external has-background has-text-align-center has-text-color has-neve-text-color-color wc-interactive\"\n\t\t\t\t\t\tstyle=\"background-color: #f1d500f7; font-size: 16px; margin-bottom:1rem;\"\n\t\t\t\t\t\thref=\"https:\/\/www.amazon.fr\/dp\/B0F74F1CBM\" rel=\"nofollow\" data-product_id=\"654\" data-product_sku=\"\" aria-label=\"D\u00e9couvrir notre produit\"\n\t\t\t\t\t\tdata-wp-on--click=\"woocommerce\/product-collection::actions.viewProduct\"\n\t\t\t\t\t>\n\t\t\t\t\t<span >D\u00e9couvrir notre produit<\/span>\n\t\t\t\t\t<\/a>\n\t\t\t\t\t\n\t\t\t\t<\/div>\n<\/li><li class=\"wp-block-post post-493 product type-product status-publish has-post-thumbnail product_cat-abbicare product_tag-univers-bebe-sante  instock sale shipping-taxable product-type-external\">\n<div data-block-name=\"woocommerce\/product-image\" data-is-descendent-of-query-loop=\"true\" class=\"wc-block-components-product-image wc-block-grid__product-image wc-block-components-product-image--aspect-ratio-auto wp-block-woocommerce-product-image\"><a href=\"https:\/\/abbi-essentiels.fr\/index.php\/produit\/seringues-nasales-colorees\/\" style=\"\" data-wp-on--click=\"woocommerce\/product-collection::actions.viewProduct\"><div data-block-name=\"woocommerce\/product-sale-badge\" class=\"wp-block-woocommerce-product-sale-badge \"><div class=\"wc-block-components-product-sale-badge alignright wc-block-components-product-sale-badge--align-right\" style=\"\"><span class=\"wc-block-components-product-sale-badge__text\" aria-hidden=\"true\">Promo<\/span><span class=\"screen-reader-text\">Produit en promotion<\/span><\/div><\/div><img loading=\"lazy\" decoding=\"async\" width=\"600\" height=\"600\" src=\"https:\/\/abbi-essentiels.fr\/wp-content\/uploads\/2023\/10\/B09ZYNSQK8.MAIN_-600x600.png\" class=\"attachment-woocommerce_single size-woocommerce_single\" alt=\"Seringues nasales kit x4 + goupillon\" data-testid=\"product-image\" data-image-id=\"889\" style=\"object-fit:cover;\" srcset=\"https:\/\/abbi-essentiels.fr\/wp-content\/uploads\/2023\/10\/B09ZYNSQK8.MAIN_-600x600.png 600w, https:\/\/abbi-essentiels.fr\/wp-content\/uploads\/2023\/10\/B09ZYNSQK8.MAIN_-300x300.png 300w, https:\/\/abbi-essentiels.fr\/wp-content\/uploads\/2023\/10\/B09ZYNSQK8.MAIN_-1024x1024.png 1024w, https:\/\/abbi-essentiels.fr\/wp-content\/uploads\/2023\/10\/B09ZYNSQK8.MAIN_-150x150.png 150w, https:\/\/abbi-essentiels.fr\/wp-content\/uploads\/2023\/10\/B09ZYNSQK8.MAIN_-768x768.png 768w, https:\/\/abbi-essentiels.fr\/wp-content\/uploads\/2023\/10\/B09ZYNSQK8.MAIN_-100x100.png 100w, https:\/\/abbi-essentiels.fr\/wp-content\/uploads\/2023\/10\/B09ZYNSQK8.MAIN_.png 1500w\" sizes=\"auto, (max-width: 600px) 100vw, 600px\" \/><div class=\"wc-block-components-product-image__inner-container\"><\/div><\/a><\/div>\n\n<h3 class=\"has-text-align-center wp-block-post-title has-medium-font-size\">Seringues nasales kit x4 + goupillon<\/h3>\n\n<div data-block-name=\"woocommerce\/product-price\" data-font-size=\"medium\" data-is-descendent-of-query-loop=\"true\" data-style=\"{&quot;spacing&quot;:{&quot;margin&quot;:{&quot;bottom&quot;:&quot;1rem&quot;}}}\" data-text-align=\"center\" data-text-color=\"neve-text-color\" style=\"margin-bottom:1rem;\" class=\"wp-block-woocommerce-product-price\" ><div class=\"wc-block-components-product-price wc-block-grid__product-price has-text-align-center has-font-size has-medium-font-size has-text-align-center has-text-color has-neve-text-color-color\" style=\"margin-bottom:1rem;\" >\n\t\t\t\t\t<del aria-hidden=\"true\"><span class=\"woocommerce-Price-amount amount\"><bdi>9,89&nbsp;<span class=\"woocommerce-Price-currencySymbol\">&euro;<\/span><\/bdi><\/span><\/del> <span class=\"screen-reader-text\">Le prix initial \u00e9tait\u00a0: 9,89&nbsp;&euro;.<\/span><ins aria-hidden=\"true\"><span class=\"woocommerce-Price-amount amount\"><bdi>8,99&nbsp;<span class=\"woocommerce-Price-currencySymbol\">&euro;<\/span><\/bdi><\/span><\/ins><span class=\"screen-reader-text\">Le prix actuel est\u00a0: 8,99&nbsp;&euro;.<\/span>\n\t\t\t\t<\/div><\/div>\n\n<div data-block-name=\"woocommerce\/product-button\" data-is-descendent-of-query-loop=\"true\" data-style=\"{&quot;spacing&quot;:{&quot;margin&quot;:{&quot;bottom&quot;:&quot;1rem&quot;}},&quot;color&quot;:{&quot;background&quot;:&quot;#f1d500f7&quot;},&quot;typography&quot;:{&quot;fontSize&quot;:&quot;16px&quot;}}\" data-text-align=\"center\" data-text-color=\"neve-text-color\" style=\"font-size:16px;\" class=\"wp-block-button wc-block-components-product-button   align-center wp-block-woocommerce-product-button\"\n\t\t\t\t\t\n\t\t\t\t\tdata-wp-context='{\"quantityToAdd\":1,\"productId\":493,\"productType\":\"external\",\"addToCartText\":\"D\\u00e9couvrir\",\"tempQuantity\":0,\"animationStatus\":\"IDLE\",\"inTheCartText\":\"### dans le panier\",\"noticeId\":\"\",\"hasPressedButton\":false}'\n\t\t\t\t>\n\t\t\t\t\t<a\n\t\t\t\t\t\tclass=\"wp-block-button__link wp-element-button wc-block-components-product-button__button product_type_external has-background has-text-align-center has-text-color has-neve-text-color-color wc-interactive\"\n\t\t\t\t\t\tstyle=\"background-color: #f1d500f7; font-size: 16px; margin-bottom:1rem;\"\n\t\t\t\t\t\thref=\"https:\/\/www.amazon.fr\/dp\/B09ZYNSQK8\" rel=\"nofollow\" data-product_id=\"493\" data-product_sku=\"\" aria-label=\"D\u00e9couvrir\"\n\t\t\t\t\t\tdata-wp-on--click=\"woocommerce\/product-collection::actions.viewProduct\"\n\t\t\t\t\t>\n\t\t\t\t\t<span >D\u00e9couvrir<\/span>\n\t\t\t\t\t<\/a>\n\t\t\t\t\t\n\t\t\t\t<\/div>\n<\/li><li class=\"wp-block-post post-484 product type-product status-publish has-post-thumbnail product_cat-abbicare product_tag-univers-bebe-sante last instock sale shipping-taxable product-type-external\">\n<div data-block-name=\"woocommerce\/product-image\" data-is-descendent-of-query-loop=\"true\" class=\"wc-block-components-product-image wc-block-grid__product-image wc-block-components-product-image--aspect-ratio-auto wp-block-woocommerce-product-image\"><a href=\"https:\/\/abbi-essentiels.fr\/index.php\/produit\/seringues-nasales-bebe\/\" style=\"\" data-wp-on--click=\"woocommerce\/product-collection::actions.viewProduct\"><div data-block-name=\"woocommerce\/product-sale-badge\" class=\"wp-block-woocommerce-product-sale-badge \"><div class=\"wc-block-components-product-sale-badge alignright wc-block-components-product-sale-badge--align-right\" style=\"\"><span class=\"wc-block-components-product-sale-badge__text\" aria-hidden=\"true\">Promo<\/span><span class=\"screen-reader-text\">Produit en promotion<\/span><\/div><\/div><img loading=\"lazy\" decoding=\"async\" width=\"600\" height=\"600\" src=\"https:\/\/abbi-essentiels.fr\/wp-content\/uploads\/2023\/10\/P1-MAIN3-1-600x600.png\" class=\"attachment-woocommerce_single size-woocommerce_single\" alt=\"Seringues nasales b\u00e9b\u00e9 kit x4 + 2 aiguilles de remplissage\" data-testid=\"product-image\" data-image-id=\"640\" style=\"object-fit:cover;\" srcset=\"https:\/\/abbi-essentiels.fr\/wp-content\/uploads\/2023\/10\/P1-MAIN3-1-600x600.png 600w, https:\/\/abbi-essentiels.fr\/wp-content\/uploads\/2023\/10\/P1-MAIN3-1-300x300.png 300w, https:\/\/abbi-essentiels.fr\/wp-content\/uploads\/2023\/10\/P1-MAIN3-1-1024x1024.png 1024w, https:\/\/abbi-essentiels.fr\/wp-content\/uploads\/2023\/10\/P1-MAIN3-1-150x150.png 150w, https:\/\/abbi-essentiels.fr\/wp-content\/uploads\/2023\/10\/P1-MAIN3-1-768x768.png 768w, https:\/\/abbi-essentiels.fr\/wp-content\/uploads\/2023\/10\/P1-MAIN3-1-1320x1320.png 1320w, https:\/\/abbi-essentiels.fr\/wp-content\/uploads\/2023\/10\/P1-MAIN3-1-100x100.png 100w, https:\/\/abbi-essentiels.fr\/wp-content\/uploads\/2023\/10\/P1-MAIN3-1.png 1500w\" sizes=\"auto, (max-width: 600px) 100vw, 600px\" \/><div class=\"wc-block-components-product-image__inner-container\"><\/div><\/a><\/div>\n\n<h3 class=\"has-text-align-center wp-block-post-title has-medium-font-size\">Seringues nasales b\u00e9b\u00e9 kit x4 + 2 aiguilles de remplissage<\/h3>\n\n<div data-block-name=\"woocommerce\/product-price\" data-font-size=\"medium\" data-is-descendent-of-query-loop=\"true\" data-style=\"{&quot;spacing&quot;:{&quot;margin&quot;:{&quot;bottom&quot;:&quot;1rem&quot;}}}\" data-text-align=\"center\" data-text-color=\"neve-text-color\" style=\"margin-bottom:1rem;\" class=\"wp-block-woocommerce-product-price\" ><div class=\"wc-block-components-product-price wc-block-grid__product-price has-text-align-center has-font-size has-medium-font-size has-text-align-center has-text-color has-neve-text-color-color\" style=\"margin-bottom:1rem;\" >\n\t\t\t\t\t<del aria-hidden=\"true\"><span class=\"woocommerce-Price-amount amount\"><bdi>9,89&nbsp;<span class=\"woocommerce-Price-currencySymbol\">&euro;<\/span><\/bdi><\/span><\/del> <span class=\"screen-reader-text\">Le prix initial \u00e9tait\u00a0: 9,89&nbsp;&euro;.<\/span><ins aria-hidden=\"true\"><span class=\"woocommerce-Price-amount amount\"><bdi>8,99&nbsp;<span class=\"woocommerce-Price-currencySymbol\">&euro;<\/span><\/bdi><\/span><\/ins><span class=\"screen-reader-text\">Le prix actuel est\u00a0: 8,99&nbsp;&euro;.<\/span>\n\t\t\t\t<\/div><\/div>\n\n<div data-block-name=\"woocommerce\/product-button\" data-is-descendent-of-query-loop=\"true\" data-style=\"{&quot;spacing&quot;:{&quot;margin&quot;:{&quot;bottom&quot;:&quot;1rem&quot;}},&quot;color&quot;:{&quot;background&quot;:&quot;#f1d500f7&quot;},&quot;typography&quot;:{&quot;fontSize&quot;:&quot;16px&quot;}}\" data-text-align=\"center\" data-text-color=\"neve-text-color\" style=\"font-size:16px;\" class=\"wp-block-button wc-block-components-product-button   align-center wp-block-woocommerce-product-button\"\n\t\t\t\t\t\n\t\t\t\t\tdata-wp-context='{\"quantityToAdd\":1,\"productId\":484,\"productType\":\"external\",\"addToCartText\":\"D\\u00e9couvrir\",\"tempQuantity\":0,\"animationStatus\":\"IDLE\",\"inTheCartText\":\"### dans le panier\",\"noticeId\":\"\",\"hasPressedButton\":false}'\n\t\t\t\t>\n\t\t\t\t\t<a\n\t\t\t\t\t\tclass=\"wp-block-button__link wp-element-button wc-block-components-product-button__button product_type_external has-background has-text-align-center has-text-color has-neve-text-color-color wc-interactive\"\n\t\t\t\t\t\tstyle=\"background-color: #f1d500f7; font-size: 16px; margin-bottom:1rem;\"\n\t\t\t\t\t\thref=\"https:\/\/www.amazon.fr\/dp\/B097J85QS6\" rel=\"nofollow\" data-product_id=\"484\" data-product_sku=\"\" aria-label=\"D\u00e9couvrir\"\n\t\t\t\t\t\tdata-wp-on--click=\"woocommerce\/product-collection::actions.viewProduct\"\n\t\t\t\t\t>\n\t\t\t\t\t<span >D\u00e9couvrir<\/span>\n\t\t\t\t\t<\/a>\n\t\t\t\t\t\n\t\t\t\t<\/div>\n<\/li><li class=\"wp-block-post post-550 product type-product status-publish has-post-thumbnail product_cat-abbicare product_tag-univers-bebe-et-sante first instock shipping-taxable product-type-external\">\n<div data-block-name=\"woocommerce\/product-image\" data-is-descendent-of-query-loop=\"true\" class=\"wc-block-components-product-image wc-block-grid__product-image wc-block-components-product-image--aspect-ratio-auto wp-block-woocommerce-product-image\"><a href=\"https:\/\/abbi-essentiels.fr\/index.php\/produit\/seringues-nasales-x2-2\/\" style=\"\" data-wp-on--click=\"woocommerce\/product-collection::actions.viewProduct\"><img loading=\"lazy\" decoding=\"async\" width=\"600\" height=\"600\" src=\"https:\/\/abbi-essentiels.fr\/wp-content\/uploads\/2023\/10\/P1-2-1-600x600.png\" class=\"attachment-woocommerce_single size-woocommerce_single\" alt=\"Seringues nasales kit x2 + goupillon\" data-testid=\"product-image\" data-image-id=\"551\" style=\"object-fit:cover;\" srcset=\"https:\/\/abbi-essentiels.fr\/wp-content\/uploads\/2023\/10\/P1-2-1-600x600.png 600w, https:\/\/abbi-essentiels.fr\/wp-content\/uploads\/2023\/10\/P1-2-1-300x300.png 300w, https:\/\/abbi-essentiels.fr\/wp-content\/uploads\/2023\/10\/P1-2-1-1024x1024.png 1024w, https:\/\/abbi-essentiels.fr\/wp-content\/uploads\/2023\/10\/P1-2-1-150x150.png 150w, https:\/\/abbi-essentiels.fr\/wp-content\/uploads\/2023\/10\/P1-2-1-768x768.png 768w, https:\/\/abbi-essentiels.fr\/wp-content\/uploads\/2023\/10\/P1-2-1-1320x1320.png 1320w, https:\/\/abbi-essentiels.fr\/wp-content\/uploads\/2023\/10\/P1-2-1-100x100.png 100w, https:\/\/abbi-essentiels.fr\/wp-content\/uploads\/2023\/10\/P1-2-1.png 1500w\" sizes=\"auto, (max-width: 600px) 100vw, 600px\" \/><div class=\"wc-block-components-product-image__inner-container\"><\/div><\/a><\/div>\n\n<h3 class=\"has-text-align-center wp-block-post-title has-medium-font-size\">Seringues nasales kit x2 + goupillon<\/h3>\n\n<div data-block-name=\"woocommerce\/product-price\" data-font-size=\"medium\" data-is-descendent-of-query-loop=\"true\" data-style=\"{&quot;spacing&quot;:{&quot;margin&quot;:{&quot;bottom&quot;:&quot;1rem&quot;}}}\" data-text-align=\"center\" data-text-color=\"neve-text-color\" style=\"margin-bottom:1rem;\" class=\"wp-block-woocommerce-product-price\" ><div class=\"wc-block-components-product-price wc-block-grid__product-price has-text-align-center has-font-size has-medium-font-size has-text-align-center has-text-color has-neve-text-color-color\" style=\"margin-bottom:1rem;\" >\n\t\t\t\t\t<span class=\"woocommerce-Price-amount amount\"><bdi>4,99&nbsp;<span class=\"woocommerce-Price-currencySymbol\">&euro;<\/span><\/bdi><\/span>\n\t\t\t\t<\/div><\/div>\n\n<div data-block-name=\"woocommerce\/product-button\" data-is-descendent-of-query-loop=\"true\" data-style=\"{&quot;spacing&quot;:{&quot;margin&quot;:{&quot;bottom&quot;:&quot;1rem&quot;}},&quot;color&quot;:{&quot;background&quot;:&quot;#f1d500f7&quot;},&quot;typography&quot;:{&quot;fontSize&quot;:&quot;16px&quot;}}\" data-text-align=\"center\" data-text-color=\"neve-text-color\" style=\"font-size:16px;\" class=\"wp-block-button wc-block-components-product-button   align-center wp-block-woocommerce-product-button\"\n\t\t\t\t\t\n\t\t\t\t\tdata-wp-context='{\"quantityToAdd\":1,\"productId\":550,\"productType\":\"external\",\"addToCartText\":\"D\\u00e9couvrir\",\"tempQuantity\":0,\"animationStatus\":\"IDLE\",\"inTheCartText\":\"### dans le panier\",\"noticeId\":\"\",\"hasPressedButton\":false}'\n\t\t\t\t>\n\t\t\t\t\t<a\n\t\t\t\t\t\tclass=\"wp-block-button__link wp-element-button wc-block-components-product-button__button product_type_external has-background has-text-align-center has-text-color has-neve-text-color-color wc-interactive\"\n\t\t\t\t\t\tstyle=\"background-color: #f1d500f7; font-size: 16px; margin-bottom:1rem;\"\n\t\t\t\t\t\thref=\"https:\/\/www.amazon.fr\/dp\/B0BV7JT7GW\" rel=\"nofollow\" data-product_id=\"550\" data-product_sku=\"\" aria-label=\"D\u00e9couvrir\"\n\t\t\t\t\t\tdata-wp-on--click=\"woocommerce\/product-collection::actions.viewProduct\"\n\t\t\t\t\t>\n\t\t\t\t\t<span >D\u00e9couvrir<\/span>\n\t\t\t\t\t<\/a>\n\t\t\t\t\t\n\t\t\t\t<\/div>\n<\/li><\/ul>\n\n\n\n<\/div>\n\n\n\n<figure class=\"wp-block-video\"><\/figure>\n","protected":false},"excerpt":{"rendered":"","protected":false},"author":1,"featured_media":0,"parent":0,"menu_order":0,"comment_status":"closed","ping_status":"closed","template":"","meta":{"om_disable_all_campaigns":false,"_monsterinsights_skip_tracking":false,"_monsterinsights_sitenote_active":false,"_monsterinsights_sitenote_note":"","_monsterinsights_sitenote_category":0,"neve_meta_sidebar":"","neve_meta_container":"","neve_meta_enable_content_width":"","neve_meta_content_width":0,"neve_meta_title_alignment":"","neve_meta_author_avatar":"","neve_post_elements_order":"","neve_meta_disable_header":"","neve_meta_disable_footer":"","neve_meta_disable_title":"","_themeisle_gutenberg_block_has_review":false,"footnotes":""},"class_list":["post-609","page","type-page","status-publish","hentry"],"aioseo_notices":[],"jetpack_sharing_enabled":true,"_links":{"self":[{"href":"https:\/\/abbi-essentiels.fr\/index.php\/wp-json\/wp\/v2\/pages\/609","targetHints":{"allow":["GET"]}}],"collection":[{"href":"https:\/\/abbi-essentiels.fr\/index.php\/wp-json\/wp\/v2\/pages"}],"about":[{"href":"https:\/\/abbi-essentiels.fr\/index.php\/wp-json\/wp\/v2\/types\/page"}],"author":[{"embeddable":true,"href":"https:\/\/abbi-essentiels.fr\/index.php\/wp-json\/wp\/v2\/users\/1"}],"replies":[{"embeddable":true,"href":"https:\/\/abbi-essentiels.fr\/index.php\/wp-json\/wp\/v2\/comments?post=609"}],"version-history":[{"count":2,"href":"https:\/\/abbi-essentiels.fr\/index.php\/wp-json\/wp\/v2\/pages\/609\/revisions"}],"predecessor-version":[{"id":1075,"href":"https:\/\/abbi-essentiels.fr\/index.php\/wp-json\/wp\/v2\/pages\/609\/revisions\/1075"}],"wp:attachment":[{"href":"https:\/\/abbi-essentiels.fr\/index.php\/wp-json\/wp\/v2\/media?parent=609"}],"curies":[{"name":"wp","href":"https:\/\/api.w.org\/{rel}","templated":true}]}}