{"id":846,"date":"2024-10-30T17:10:47","date_gmt":"2024-10-30T17:10:47","guid":{"rendered":"https:\/\/abbi-essentiels.fr\/?page_id=846"},"modified":"2025-10-26T16:35:07","modified_gmt":"2025-10-26T16:35:07","slug":"manual-de-instrucciones-air-botella","status":"publish","type":"page","link":"https:\/\/abbi-essentiels.fr\/index.php\/manual-de-instrucciones-air-botella\/","title":{"rendered":"Manual de instrucciones &#8211; Air Botella"},"content":{"rendered":"\n<p class=\"has-text-align-left\"><\/p>\n\n\n\n<p><strong>Le agradecemos su compra y nos complace presentarle la experiencia sensorial que ofrece nuestra Air Botella.<\/strong><br>En lugar de a\u00f1adir sabores artificiales o edulcorantes a su agua, nuestra calabaza aprovecha su sentido del olfato a trav\u00e9s de nuestras c\u00e1psulas de sabores naturales para transformar el agua sin gas en una experiencia sensorial incre\u00edble.<br>\u26a0\ufe0f <strong>Tenga en cuenta que la sensibilidad de su sentido del olfato puede influir en la percepci\u00f3n de nuestros sabores afrutados.<\/strong><\/p>\n\n\n\n<div class=\"wp-block-media-text alignwide is-stacked-on-mobile is-vertically-aligned-top\" style=\"grid-template-columns:34% auto\"><figure class=\"wp-block-media-text__media\"><img loading=\"lazy\" decoding=\"async\" width=\"431\" height=\"1024\" src=\"https:\/\/abbi-essentiels.fr\/wp-content\/uploads\/2023\/09\/Design-sans-titre-1-1-431x1024.png\" alt=\"\" class=\"wp-image-424 size-full\" srcset=\"https:\/\/abbi-essentiels.fr\/wp-content\/uploads\/2023\/09\/Design-sans-titre-1-1-431x1024.png 431w, https:\/\/abbi-essentiels.fr\/wp-content\/uploads\/2023\/09\/Design-sans-titre-1-1-126x300.png 126w, https:\/\/abbi-essentiels.fr\/wp-content\/uploads\/2023\/09\/Design-sans-titre-1-1-768x1824.png 768w, https:\/\/abbi-essentiels.fr\/wp-content\/uploads\/2023\/09\/Design-sans-titre-1-1-647x1536.png 647w, https:\/\/abbi-essentiels.fr\/wp-content\/uploads\/2023\/09\/Design-sans-titre-1-1-600x1425.png 600w, https:\/\/abbi-essentiels.fr\/wp-content\/uploads\/2023\/09\/Design-sans-titre-1-1.png 842w\" sizes=\"auto, (max-width: 431px) 100vw, 431px\" \/><\/figure><div class=\"wp-block-media-text__content\">\n<p>\ud83d\udca7<strong>Uso sencillo para sacar el m\u00e1ximo partido a tu Air Botella<\/strong>\ud83d\udca7.<\/p>\n\n\n\n<ul class=\"wp-block-list\">\n<li><span style=\"text-decoration: underline;\">Antes de usarla por primera vez:<\/span> lava cuidadosamente la botella y sus accesorios (pajita, tapa) para eliminar cualquier residuo de su fabricaci\u00f3n.<\/li>\n\n\n\n<li>Llena la botella con agua del grifo o embotellada (agua mineral o de manantial, sin gas o con gas).<\/li>\n\n\n\n<li><span style=\"text-decoration: underline;\">Recarga de sabores (c\u00e1psula):<\/span> Elija entre nuestros 6 sabores diferentes (incluidos con la compra de nuestro Air Botella). Retire el envase e introd\u00fazcalo en la ranura de la tapa (s\u00f3lo en un sentido).<\/li>\n\n\n\n<li>Introduzca la c\u00e1psula como desee; el sabor ser\u00e1 m\u00e1s o menos intenso en funci\u00f3n de hasta d\u00f3nde la introduzca (si la introduce menos, ser\u00e1 m\u00e1s intenso).<\/li>\n<\/ul>\n\n\n\n<p><strong>=&gt; Las recargas individuales (c\u00e1psulas) ya est\u00e1n a la venta.<\/strong><\/p>\n\n\n\n<blockquote class=\"wp-block-quote is-layout-flow wp-block-quote-is-layout-flow\">\n<blockquote class=\"wp-block-quote is-layout-flow wp-block-quote-is-layout-flow\">\n<p><strong>>><a href=\"https:\/\/abbisense.myshopify.com\/collections\/recharges-air-gourde\" target=\"_blank\" rel=\"noopener\" title=\"Comprar\">Comprar en Amazon<\/a><\/strong><\/p>\n<\/blockquote>\n<\/blockquote>\n\n\n\n<p><span style=\"text-decoration: underline;\">Para la mejor experiencia posible:<\/span><\/p>\n\n\n\n<ul class=\"wp-block-list\">\n<li>Mantenga la botella en posici\u00f3n vertical durante su uso. No lo incline ni lo levante hacia usted.<\/li>\n\n\n\n<li>Cierre la tapa despu\u00e9s de cada uso para conservar el sabor de la vaina.<\/li>\n\n\n\n<li>Una c\u00e1psula puede utilizarse hasta para 8 botellas llenas (es decir, 6 litros de agua). Una vez agotado el sabor, la c\u00e1psula puede retirarse y sustituirse. La botella tambi\u00e9n puede utilizarse sin c\u00e1psula.<\/li>\n<\/ul>\n\n\n\n<p><\/p>\n\n\n\n<p>&#8211; <span style=\"text-decoration: underline;\">Mantenimiento:<\/span> la botella y sus accesorios deben lavarse a fondo regularmente con detergente l\u00edquido (preferiblemente a mano).<\/p>\n\n\n\n<p><strong>Si tiene alguna pregunta o necesita m\u00e1s informaci\u00f3n<\/strong>, p\u00f3ngase en contacto con nuestro equipo de asistencia por correo electr\u00f3nico: boutiqueabkfrance@gmail.com.<\/p>\n\n\n\n<div style=\"height:17px\" aria-hidden=\"true\" class=\"wp-block-spacer\"><\/div>\n\n\n\n<div class=\"wp-block-buttons is-content-justification-center is-layout-flex wp-container-core-buttons-is-layout-1 wp-block-buttons-is-layout-flex\">\n<div class=\"wp-block-button\"><a class=\"wp-block-button__link has-nv-site-bg-color has-text-color has-background wp-element-button\" href=\"https:\/\/abbisense.myshopify.com\/products\/air-gourde\" style=\"background-color:#de5947\" target=\"_blank\" rel=\"noreferrer noopener\">Comprar de nuevo<\/a><\/div>\n<\/div>\n\n\n<div class=\"wp-block-image\">\n<figure class=\"aligncenter size-full\"><img loading=\"lazy\" decoding=\"async\" width=\"200\" height=\"107\" src=\"https:\/\/abbi-essentiels.fr\/wp-content\/uploads\/2023\/03\/cropped-Logo.png\" alt=\"\" class=\"wp-image-185\"\/><\/figure><\/div>\n\n\n<div style=\"height:17px\" aria-hidden=\"true\" class=\"wp-block-spacer\"><\/div>\n<\/div><\/div>\n","protected":false},"excerpt":{"rendered":"<p>Le agradecemos su compra y nos complace presentarle la experiencia sensorial que ofrece nuestra Air Botella.En lugar de a\u00f1adir sabores artificiales o edulcorantes a su agua, nuestra calabaza aprovecha su sentido del olfato a trav\u00e9s de nuestras c\u00e1psulas de sabores naturales para transformar el agua sin gas en una experiencia sensorial incre\u00edble.\u26a0\ufe0f Tenga en cuenta&hellip;&nbsp;<a href=\"https:\/\/abbi-essentiels.fr\/index.php\/manual-de-instrucciones-air-botella\/\" rel=\"bookmark\">Lire la suite &raquo;<span class=\"screen-reader-text\">Manual de instrucciones &#8211; Air Botella<\/span><\/a><\/p>\n","protected":false},"author":1,"featured_media":0,"parent":0,"menu_order":0,"comment_status":"closed","ping_status":"closed","template":"","meta":{"om_disable_all_campaigns":false,"_monsterinsights_skip_tracking":false,"_monsterinsights_sitenote_active":false,"_monsterinsights_sitenote_note":"","_monsterinsights_sitenote_category":0,"neve_meta_sidebar":"","neve_meta_container":"","neve_meta_enable_content_width":"","neve_meta_content_width":0,"neve_meta_title_alignment":"","neve_meta_author_avatar":"","neve_post_elements_order":"","neve_meta_disable_header":"","neve_meta_disable_footer":"","neve_meta_disable_title":"","_themeisle_gutenberg_block_has_review":false,"footnotes":""},"class_list":["post-846","page","type-page","status-publish","hentry"],"aioseo_notices":[],"jetpack_sharing_enabled":true,"_links":{"self":[{"href":"https:\/\/abbi-essentiels.fr\/index.php\/wp-json\/wp\/v2\/pages\/846","targetHints":{"allow":["GET"]}}],"collection":[{"href":"https:\/\/abbi-essentiels.fr\/index.php\/wp-json\/wp\/v2\/pages"}],"about":[{"href":"https:\/\/abbi-essentiels.fr\/index.php\/wp-json\/wp\/v2\/types\/page"}],"author":[{"embeddable":true,"href":"https:\/\/abbi-essentiels.fr\/index.php\/wp-json\/wp\/v2\/users\/1"}],"replies":[{"embeddable":true,"href":"https:\/\/abbi-essentiels.fr\/index.php\/wp-json\/wp\/v2\/comments?post=846"}],"version-history":[{"count":3,"href":"https:\/\/abbi-essentiels.fr\/index.php\/wp-json\/wp\/v2\/pages\/846\/revisions"}],"predecessor-version":[{"id":1175,"href":"https:\/\/abbi-essentiels.fr\/index.php\/wp-json\/wp\/v2\/pages\/846\/revisions\/1175"}],"wp:attachment":[{"href":"https:\/\/abbi-essentiels.fr\/index.php\/wp-json\/wp\/v2\/media?parent=846"}],"curies":[{"name":"wp","href":"https:\/\/api.w.org\/{rel}","templated":true}]}}