{"id":9,"date":"2022-05-25T09:07:39","date_gmt":"2022-05-25T09:07:39","guid":{"rendered":"https:\/\/abbi-essentiels.fr\/?page_id=9"},"modified":"2025-01-08T18:49:55","modified_gmt":"2025-01-08T18:49:55","slug":"vente2b2","status":"publish","type":"page","link":"https:\/\/abbi-essentiels.fr\/index.php\/vente2b2\/","title":{"rendered":"Vente BtoB"},"content":{"rendered":"\n<div class=\"wp-block-cover alignfull\" style=\"min-height:341px;aspect-ratio:unset;\"><span aria-hidden=\"true\" class=\"wp-block-cover__background has-nv-site-bg-background-color has-background-dim-100 has-background-dim\"><\/span><div class=\"wp-block-cover__inner-container is-layout-flow wp-block-cover-is-layout-flow\">\n<div class=\"wp-block-group\"><div class=\"wp-block-group__inner-container is-layout-flow wp-block-group-is-layout-flow\">\n<div class=\"wp-block-columns are-vertically-aligned-center is-layout-flex wp-container-core-columns-is-layout-1 wp-block-columns-is-layout-flex\">\n<div class=\"wp-block-column is-vertically-aligned-center is-layout-flow wp-block-column-is-layout-flow\" style=\"flex-basis:70%\">\n<h1 class=\"wp-block-heading has-text-align-left has-neve-text-color-color has-text-color\" style=\"font-size:50px;font-style:normal;font-weight:600\"><br>Des solutions adapt\u00e9es \u00e0 vos besoins professionnels<\/h1>\n\n\n\n<p class=\"has-neve-text-color-color has-text-color\" style=\"font-size:22px\">En tant que professionnels, nous comprenons vos attentes et les d\u00e9fis auxquels vous faites face. C\u2019est pourquoi notre service de vente directe est \u00e0 votre disposition pour vous proposer des solutions personnalis\u00e9es \u00e0 des prix comp\u00e9titifs. <br><br>N\u2019h\u00e9sitez pas \u00e0 nous contacter pour nous faire part de vos besoins sp\u00e9cifiques et d\u00e9couvrir comment nous pouvons vous accompagner.<\/p>\n<\/div>\n\n\n\n<div class=\"wp-block-column is-vertically-aligned-center is-layout-flow wp-block-column-is-layout-flow\" style=\"flex-basis:30%\"><\/div>\n<\/div>\n<\/div><\/div>\n<\/div><\/div>\n\n\n\n<div class=\"wp-block-cover alignfull\" style=\"min-height:746px;aspect-ratio:unset;\"><span aria-hidden=\"true\" class=\"wp-block-cover__background has-neve-link-color-background-color has-background-dim-100 has-background-dim\"><\/span><div class=\"wp-block-cover__inner-container is-layout-flow wp-block-cover-is-layout-flow\">\n<div style=\"height:56px\" aria-hidden=\"true\" class=\"wp-block-spacer\"><\/div>\n\n\n\n<div class=\"wp-block-group\"><div class=\"wp-block-group__inner-container is-layout-flow wp-block-group-is-layout-flow\">\n<div class=\"wp-block-columns is-layout-flex wp-container-core-columns-is-layout-2 wp-block-columns-is-layout-flex\">\n<div class=\"wp-block-column is-layout-flow wp-block-column-is-layout-flow\" style=\"flex-basis:66.79%\">\n<figure class=\"wp-block-image size-large is-resized\"><img loading=\"lazy\" decoding=\"async\" width=\"1024\" height=\"683\" src=\"https:\/\/abbi-essentiels.fr\/wp-content\/uploads\/2023\/04\/abstract-blur-defocused-pharmacy-drug-store-1024x683.jpg\" alt=\"\" class=\"wp-image-292\" style=\"width:628px;height:419px\" srcset=\"https:\/\/abbi-essentiels.fr\/wp-content\/uploads\/2023\/04\/abstract-blur-defocused-pharmacy-drug-store-1024x683.jpg 1024w, https:\/\/abbi-essentiels.fr\/wp-content\/uploads\/2023\/04\/abstract-blur-defocused-pharmacy-drug-store-300x200.jpg 300w, https:\/\/abbi-essentiels.fr\/wp-content\/uploads\/2023\/04\/abstract-blur-defocused-pharmacy-drug-store-768x512.jpg 768w, https:\/\/abbi-essentiels.fr\/wp-content\/uploads\/2023\/04\/abstract-blur-defocused-pharmacy-drug-store-1536x1024.jpg 1536w, https:\/\/abbi-essentiels.fr\/wp-content\/uploads\/2023\/04\/abstract-blur-defocused-pharmacy-drug-store-2048x1365.jpg 2048w, https:\/\/abbi-essentiels.fr\/wp-content\/uploads\/2023\/04\/abstract-blur-defocused-pharmacy-drug-store-930x620.jpg 930w, https:\/\/abbi-essentiels.fr\/wp-content\/uploads\/2023\/04\/abstract-blur-defocused-pharmacy-drug-store-1320x880.jpg 1320w, https:\/\/abbi-essentiels.fr\/wp-content\/uploads\/2023\/04\/abstract-blur-defocused-pharmacy-drug-store-600x400.jpg 600w\" sizes=\"auto, (max-width: 1024px) 100vw, 1024px\" \/><\/figure>\n\n\n\n<div style=\"height:40px\" aria-hidden=\"true\" class=\"wp-block-spacer\"><\/div>\n<\/div>\n\n\n\n<div class=\"wp-block-column is-layout-flow wp-block-column-is-layout-flow\" style=\"flex-basis:34%\">\n<div style=\"height:91px\" aria-hidden=\"true\" class=\"wp-block-spacer\"><\/div>\n\n\n\n<p class=\"has-nv-site-bg-color has-text-color\" style=\"font-size:20px\">Si vous \u00eates int\u00e9ress\u00e9 par la vente directe \u00e0 tarif pr\u00e9f\u00e9rentiel, merci de contacter notre \u00e9quipe via le formulaire suivant. <\/p>\n\n\n\n<p class=\"has-nv-site-bg-color has-text-color\" style=\"font-size:20px\">Une r\u00e9ponse sous 48h vous sera communiqu\u00e9e.<\/p>\n\n\n\n<div class=\"wp-block-buttons is-layout-flex wp-block-buttons-is-layout-flex\"><\/div>\n<\/div>\n<\/div>\n<\/div><\/div>\n\n\n<div class=\"wpforms-container wpforms-container-full\" id=\"wpforms-37\"><form id=\"wpforms-form-37\" class=\"wpforms-validate wpforms-form wpforms-ajax-form\" data-formid=\"37\" method=\"post\" enctype=\"multipart\/form-data\" action=\"\/index.php\/wp-json\/wp\/v2\/pages\/9\" data-token=\"fdb2022c133b2587c092cfecf1c2e291\" data-token-time=\"1777214826\"><noscript class=\"wpforms-error-noscript\">Veuillez activer JavaScript dans votre navigateur pour remplir ce formulaire.<\/noscript><div class=\"wpforms-field-container\"><div id=\"wpforms-37-field_0-container\" class=\"wpforms-field wpforms-field-name\" data-field-id=\"0\"><label class=\"wpforms-field-label\" for=\"wpforms-37-field_0\">Informations client : <span class=\"wpforms-required-label\">*<\/span><\/label><div class=\"wpforms-field-row wpforms-field-medium\"><div class=\"wpforms-field-row-block wpforms-first wpforms-two-fifths\"><input type=\"text\" id=\"wpforms-37-field_0\" class=\"wpforms-field-name-first wpforms-field-required\" name=\"wpforms[fields][0][first]\" placeholder=\"Nom\" required><label for=\"wpforms-37-field_0\" class=\"wpforms-field-sublabel after wpforms-sublabel-hide\">Pr\u00e9nom<\/label><\/div><div class=\"wpforms-field-row-block wpforms-one-fifth\"><input type=\"text\" id=\"wpforms-37-field_0-middle\" class=\"wpforms-field-name-middle\" name=\"wpforms[fields][0][middle]\" placeholder=\"Pr\u00e9nom\" ><label for=\"wpforms-37-field_0-middle\" class=\"wpforms-field-sublabel after wpforms-sublabel-hide\">2e pr\u00e9nom<\/label><\/div><div class=\"wpforms-field-row-block wpforms-two-fifths\"><input type=\"text\" id=\"wpforms-37-field_0-last\" class=\"wpforms-field-name-last wpforms-field-required\" name=\"wpforms[fields][0][last]\" placeholder=\"Soci\u00e9t\u00e9\" required><label for=\"wpforms-37-field_0-last\" class=\"wpforms-field-sublabel after wpforms-sublabel-hide\">Nom<\/label><\/div><\/div><\/div><div id=\"wpforms-37-field_6-container\" class=\"wpforms-field wpforms-field-number\" data-field-id=\"6\"><label class=\"wpforms-field-label\" for=\"wpforms-37-field_6\">Num\u00e9ro de SIREN :<\/label><input type=\"number\" id=\"wpforms-37-field_6\" class=\"wpforms-field-medium\" name=\"wpforms[fields][6]\" step=\"any\" ><\/div><div id=\"wpforms-37-field_1-container\" class=\"wpforms-field wpforms-field-email\" data-field-id=\"1\"><label class=\"wpforms-field-label\" for=\"wpforms-37-field_1\">Adresse email : <span class=\"wpforms-required-label\">*<\/span><\/label><input type=\"email\" id=\"wpforms-37-field_1\" class=\"wpforms-field-medium wpforms-field-required\" name=\"wpforms[fields][1]\" spellcheck=\"false\" required><\/div><div id=\"wpforms-37-field_4-container\" class=\"wpforms-field wpforms-field-select wpforms-field-select-style-modern\" data-field-id=\"4\"><label class=\"wpforms-field-label\" for=\"wpforms-37-field_4\">S\u00e9lectionnez le produit qui vous int\u00e9resse : <span class=\"wpforms-required-label\">*<\/span><\/label><select id=\"wpforms-37-field_4\" class=\"wpforms-field-medium wpforms-field-required choicesjs-select\" data-size-class=\"wpforms-field-row wpforms-field-medium\" data-search-enabled=\"\" name=\"wpforms[fields][4]\" required=\"required\"><option value=\"\" class=\"placeholder\" disabled  selected='selected'>- Please select -<\/option><option value=\"Seringues nasales pour b\u00e9b\u00e9 (x2)\"  class=\"choice-1 depth-1\"  >Seringues nasales pour b\u00e9b\u00e9 (x2)<\/option><option value=\"Bloque-portes (x8)\"  class=\"choice-2 depth-1\"  >Bloque-portes (x8)<\/option><option value=\"Autres\"  class=\"choice-3 depth-1\"  >Autres<\/option><\/select><\/div><div id=\"wpforms-37-field_8-container\" class=\"wpforms-field wpforms-field-number-slider\" data-field-id=\"8\"><label class=\"wpforms-field-label\" for=\"wpforms-37-field_8\">Quantit\u00e9 souhait\u00e9e :<\/label>\n<input\n\ttype=\"range\"\n\tid=\"wpforms-37-field_8\" class=\"wpforms-field-medium\" name=\"wpforms[fields][8]\" value=\"20\"\t\tmin=\"20\"\n\tmax=\"200\"\n\tstep=\"1\">\n\n<div class=\"wpforms-field-number-slider-hint\"\n\tdata-hint=\"Selected Value: {value}\">\n\tSelected Value: <b>20<\/b><\/div>\n<\/div><div id=\"wpforms-37-field_2-container\" class=\"wpforms-field wpforms-field-textarea\" data-field-id=\"2\"><label class=\"wpforms-field-label\" for=\"wpforms-37-field_2\">Laissez nous plus d&#039;informations sur votre demande : <span class=\"wpforms-required-label\">*<\/span><\/label><textarea id=\"wpforms-37-field_2\" class=\"wpforms-field-medium wpforms-field-required\" name=\"wpforms[fields][2]\" required><\/textarea><\/div><\/div><!-- .wpforms-field-container --><div class=\"wpforms-submit-container\" ><input type=\"hidden\" name=\"wpforms[id]\" value=\"37\"><input type=\"hidden\" name=\"page_title\" value=\"\"><input type=\"hidden\" name=\"page_url\" value=\"https:\/\/abbi-essentiels.fr\/index.php\/wp-json\/wp\/v2\/pages\/9\"><input type=\"hidden\" name=\"url_referer\" value=\"\"><button type=\"submit\" name=\"wpforms[submit]\" id=\"wpforms-submit-37\" class=\"wpforms-submit\" data-alt-text=\"En cours...\" data-submit-text=\"Envoyer\" aria-live=\"assertive\" value=\"wpforms-submit\">Envoyer<\/button><img loading=\"lazy\" decoding=\"async\" src=\"https:\/\/abbi-essentiels.fr\/wp-content\/plugins\/wpforms-lite\/assets\/images\/submit-spin.svg\" class=\"wpforms-submit-spinner\" style=\"display: none;\" width=\"26\" height=\"26\" alt=\"Chargement en cours\"><\/div><\/form><\/div>  <!-- .wpforms-container -->\n<\/div><\/div>\n\n\n\n<p><\/p>\n","protected":false},"excerpt":{"rendered":"","protected":false},"author":1,"featured_media":0,"parent":0,"menu_order":0,"comment_status":"closed","ping_status":"closed","template":"","meta":{"om_disable_all_campaigns":false,"_monsterinsights_skip_tracking":false,"_monsterinsights_sitenote_active":false,"_monsterinsights_sitenote_note":"","_monsterinsights_sitenote_category":0,"neve_meta_sidebar":"","neve_meta_container":"","neve_meta_enable_content_width":"on","neve_meta_content_width":100,"neve_meta_title_alignment":"","neve_meta_author_avatar":"","neve_post_elements_order":"","neve_meta_disable_header":"","neve_meta_disable_footer":"","neve_meta_disable_title":"on","_themeisle_gutenberg_block_has_review":false,"footnotes":""},"class_list":["post-9","page","type-page","status-publish","hentry"],"aioseo_notices":[],"jetpack_sharing_enabled":true,"_links":{"self":[{"href":"https:\/\/abbi-essentiels.fr\/index.php\/wp-json\/wp\/v2\/pages\/9","targetHints":{"allow":["GET"]}}],"collection":[{"href":"https:\/\/abbi-essentiels.fr\/index.php\/wp-json\/wp\/v2\/pages"}],"about":[{"href":"https:\/\/abbi-essentiels.fr\/index.php\/wp-json\/wp\/v2\/types\/page"}],"author":[{"embeddable":true,"href":"https:\/\/abbi-essentiels.fr\/index.php\/wp-json\/wp\/v2\/users\/1"}],"replies":[{"embeddable":true,"href":"https:\/\/abbi-essentiels.fr\/index.php\/wp-json\/wp\/v2\/comments?post=9"}],"version-history":[{"count":20,"href":"https:\/\/abbi-essentiels.fr\/index.php\/wp-json\/wp\/v2\/pages\/9\/revisions"}],"predecessor-version":[{"id":993,"href":"https:\/\/abbi-essentiels.fr\/index.php\/wp-json\/wp\/v2\/pages\/9\/revisions\/993"}],"wp:attachment":[{"href":"https:\/\/abbi-essentiels.fr\/index.php\/wp-json\/wp\/v2\/media?parent=9"}],"curies":[{"name":"wp","href":"https:\/\/api.w.org\/{rel}","templated":true}]}}