{"id":114,"date":"2023-03-19T18:54:25","date_gmt":"2023-03-19T18:54:25","guid":{"rendered":"https:\/\/abbi-essentiels.fr\/?post_type=product&#038;p=114"},"modified":"2025-11-19T07:50:15","modified_gmt":"2025-11-19T07:50:15","slug":"stylo-3d-basse-temperature","status":"publish","type":"product","link":"https:\/\/abbi-essentiels.fr\/index.php\/produit\/stylo-3d-basse-temperature\/","title":{"rendered":"Stylo 3D Basse temp\u00e9rature"},"content":{"rendered":"<h3>Notre stylo 3D basse temp\u00e9rature ABBICREA sera un parfait alli\u00e9 pour faire d\u00e9coller la cr\u00e9ativit\u00e9 des vos enfants.<\/h3>\n<p>\ud83d\ude0d <strong>PARFAITEMENT ADAPTE AUX ENFANTS (ET AUX GRANDS) :<\/strong> Notre stylo 3D est particuli\u00e8rement appropri\u00e9 pour les enfants. Son fonctionnement basse temp\u00e9rature avec filaments PCL lui assure une utilisation sans danger contrairement \u00e0 ceux utilisant des filaments PLA ou ABS. D&rsquo;une tr\u00e8s grande qualit\u00e9, notre stylo 3D pourra bien entendu \u00eatre utilis\u00e9 par tous dans la famille.<\/p>\n<p>\ud83c\udfc5 <strong>EXCELLENT LOISIR CREATIF :<\/strong> Les cr\u00e9ations 3D qui peuvent \u00eatre r\u00e9alis\u00e9es avec notre stylo sont multiples et vari\u00e9es. Avec l&rsquo;accompagnement d&rsquo;un adulte pour les plus jeunes, s&rsquo;amuser avec notre stylo 3D deviendra une activit\u00e9 familiale ludique et sympa. Votre enfant gagnera en motricit\u00e9 et pourra laisser libre cours \u00e0 son imagination et ainsi d\u00e9velopper sa cr\u00e9ativit\u00e9.<\/p>\n<p>\ud83d\udee1\ufe0f <strong>SANS DANGER POUR LA SANTE :<\/strong> Notre stylo 3D utilise des filaments PCL sp\u00e9cialement adapt\u00e9s pour un fonctionnement basse temp\u00e9rature. Fabriqu\u00e9s avec des mat\u00e9riaux biod\u00e9gradables (sans rejet de particules), ils ne contiennent aucune substance nocive. Certifi\u00e9 CE, notre stylo 3D r\u00e9pond aux normes les plus strictes. L&rsquo;utilisation sous surveillance d&rsquo;un adulte est tout de m\u00eame conseill\u00e9e pour les plus jeunes.<\/p>\n<p>\ud83e\ude84 <strong>PRISE EN MAIN SIMPLE :<\/strong> Tr\u00e8s facile \u00e0 utiliser, notre stylo 3D a \u00e9t\u00e9 sp\u00e9cialement con\u00e7u pour les enfants. Son ergonomie et ses fonctionnalit\u00e9s ont \u00e9t\u00e9 simplifi\u00e9es pour une prise en main ais\u00e9e et rapide. Les enfants s&rsquo;adapteront tr\u00e8s vite \u00e0 leur nouveau jouet. Les accompagnant dans leur \u00e9volution, notre stylo 3D peut commencer \u00e0 \u00eatre manipuler par les enfants de plus de 5 ans.<\/p>\n<p>\ud83c\udf80 <strong>UN COFFRET EXCLUSIF :<\/strong> notre stylo 3D sera le cadeau id\u00e9al. Dot\u00e9 d&rsquo;une sacoche rigide pour le ranger ou l&#8217;emmener partout, notre coffret contient aussi un lot de 10 filaments de 5m pour commencer de suite \u00e0 l&rsquo;utiliser ainsi que des prot\u00e8ges doigt et une notice en fran\u00e7ais pour une prise en main rapide. Enfin, vous retrouverez plusieurs patrons pour \u00eatre guider dans vos premi\u00e8res cr\u00e9ations.<\/p>\n<p><strong>Livraison offerte partout en France !<br \/>\n<\/strong><\/p>\n<h4>Lire notre article sur les stylos 3D :\u00a0 <a href=\"https:\/\/abbi-essentiels.fr\/index.php\/2023\/05\/09\/stylo3d\/\">&gt;&gt; La cr\u00e9ativit\u00e9 de vos enfants vers une nouvelle dimension\u2026. &lt;&lt;<\/a><\/h4>\n<p><strong>\u00a0<\/strong><\/p>\n","protected":false},"excerpt":{"rendered":"<table width=\"1336\">\n<tbody>\n<tr>\n<td colspan=\"13\" rowspan=\"2\" width=\"1336\">Stylo 3D ABBICREA\u2122 basse temp\u00e9rature kit complet avec sacoche, 10 filaments PCL de 5m, prot\u00e8ges doigt et notice en fran\u00e7ais | Sans danger, non toxique cadeau enfant loisirs cr\u00e9atifs | 3D Pen<\/p>\n<p>Lire notre article sur les stylos 3D :<br \/>\n<strong><a href=\"https:\/\/abbi-essentiels.fr\/index.php\/2023\/05\/09\/stylo3d\/\">&gt; La cr\u00e9ativit\u00e9 de vos enfants vers une nouvelle dimension\u2026.<\/a><\/strong><\/td>\n<\/tr>\n<\/tbody>\n<\/table>\n","protected":false},"featured_media":115,"comment_status":"open","ping_status":"closed","template":"","meta":{"om_disable_all_campaigns":false,"_monsterinsights_skip_tracking":false,"_monsterinsights_sitenote_active":false,"_monsterinsights_sitenote_note":"","_monsterinsights_sitenote_category":0,"neve_meta_sidebar":"","neve_meta_container":"","neve_meta_enable_content_width":"off","neve_meta_content_width":100,"neve_meta_title_alignment":"","neve_meta_author_avatar":"","neve_post_elements_order":"","neve_meta_disable_header":"","neve_meta_disable_footer":"","neve_meta_disable_title":"","_themeisle_gutenberg_block_has_review":false},"product_brand":[],"product_cat":[22],"product_tag":[21,20,46],"class_list":{"0":"post-114","1":"product","2":"type-product","3":"status-publish","4":"has-post-thumbnail","6":"product_cat-abbicrea","7":"product_tag-abbicrea","8":"product_tag-stylo-3d","9":"product_tag-univers-creatif","11":"first","12":"instock","13":"sale","14":"featured","15":"shipping-taxable","16":"purchasable","17":"product-type-simple"},"aioseo_notices":[],"jetpack_sharing_enabled":true,"_links":{"self":[{"href":"https:\/\/abbi-essentiels.fr\/index.php\/wp-json\/wp\/v2\/product\/114","targetHints":{"allow":["GET"]}}],"collection":[{"href":"https:\/\/abbi-essentiels.fr\/index.php\/wp-json\/wp\/v2\/product"}],"about":[{"href":"https:\/\/abbi-essentiels.fr\/index.php\/wp-json\/wp\/v2\/types\/product"}],"replies":[{"embeddable":true,"href":"https:\/\/abbi-essentiels.fr\/index.php\/wp-json\/wp\/v2\/comments?post=114"}],"wp:featuredmedia":[{"embeddable":true,"href":"https:\/\/abbi-essentiels.fr\/index.php\/wp-json\/wp\/v2\/media\/115"}],"wp:attachment":[{"href":"https:\/\/abbi-essentiels.fr\/index.php\/wp-json\/wp\/v2\/media?parent=114"}],"wp:term":[{"taxonomy":"product_brand","embeddable":true,"href":"https:\/\/abbi-essentiels.fr\/index.php\/wp-json\/wp\/v2\/product_brand?post=114"},{"taxonomy":"product_cat","embeddable":true,"href":"https:\/\/abbi-essentiels.fr\/index.php\/wp-json\/wp\/v2\/product_cat?post=114"},{"taxonomy":"product_tag","embeddable":true,"href":"https:\/\/abbi-essentiels.fr\/index.php\/wp-json\/wp\/v2\/product_tag?post=114"}],"curies":[{"name":"wp","href":"https:\/\/api.w.org\/{rel}","templated":true}]}}