{"id":502,"date":"2023-10-15T16:30:15","date_gmt":"2023-10-15T16:30:15","guid":{"rendered":"https:\/\/abbi-essentiels.fr\/?post_type=product&#038;p=502"},"modified":"2026-03-12T14:14:02","modified_gmt":"2026-03-12T14:14:02","slug":"air-gourde-6-capsules-saveurs-fruitees","status":"publish","type":"product","link":"https:\/\/abbi-essentiels.fr\/index.php\/produit\/air-gourde-6-capsules-saveurs-fruitees\/","title":{"rendered":"Air Gourde &#8211; Testez l&rsquo;exp\u00e9rience"},"content":{"rendered":"<p>\ud83e\udd64 NOUVEAUTE INNOVANTE : D\u00e9couvrez l&rsquo;innovation rafra\u00eechissante et surprenante : notre Air gourde donnera des saveurs \u00e0 votre eau sans aucun produits ajout\u00e9s. Une exp\u00e9rience sensorielle in\u00e9dite qui transformera chacune de vos gorg\u00e9es en une d\u00e9couverte gustative. Dites adieu aux boissons sucr\u00e9es et artificielles.<\/p>\n<p>\ud83d\udca6 AIMER BOIRE DE L&rsquo;EAU : Pour aider vos enfants ou vous m\u00eame \u00e0 boire plus d&rsquo;eau \u00e0 la place des sodas et jus hyper sucr\u00e9s, notre Air gourde sera votre nouvel alli\u00e9 pour rendre l&rsquo;eau plus attrayante. Vous serez naturellement incit\u00e9 \u00e0 boire davantage, chaque gorg\u00e9e \u00e9tant associ\u00e9e \u00e0 une d\u00e9couverte d&rsquo;ar\u00f4mes agr\u00e9ables.<\/p>\n<p>\ud83c\udf40 SOLUTION NATURELLE : Nos recharges Pods sont de composition 100% naturelle. Elabor\u00e9es \u00e0 base d&rsquo;extrait de plantes, de fibres v\u00e9g\u00e9tales et d&rsquo;ar\u00f4mes alimentaire, les saveurs de nos recharges n&rsquo;ont aucun impact sur la sant\u00e9. Seule la sensibilit\u00e9 de votre odorat peut avoir une influence sur le ressenti de nos saveurs fruit\u00e9es.<\/p>\n<p>\u267b\ufe0f ECONOMIQUE ET ECO-RESPONSABLE : Faites un geste pour la plan\u00e8te en optant pour notre gourde r\u00e9utilisable et r\u00e9duisez la consommation des bouteilles plastiques \u00e0 usage unique. Notre Air gourde est durable et vous accompagnera partout (\u00e9cole, sport, travail ou pendant vos loisirs). Nos recharges vous permettront de consommer jusqu&rsquo;\u00e0 6 litres d&rsquo;eau aromatis\u00e9e.<\/p>\n<p>\ud83e\udd47 MATERIAUX S\u00dbRS : Tous les mat\u00e9riaux composants notre Air gourde sont certifi\u00e9s sans BPA. La gourde fabriqu\u00e9e en Tritan (recyclable) tout comme la paille compos\u00e9e de silicone alimentaire sont les garants d&rsquo;une utilisation saine et s\u00e9curis\u00e9e (certifi\u00e9s sans BPA). Son couvercle anti-fuite et sa sangle compl\u00e8tent la grande qualit\u00e9 de ses caract\u00e9ristiques.<\/p>\n","protected":false},"excerpt":{"rendered":"<p>Air Gourde Saveur Pods XL 750 ml | 6 capsules diff\u00e9rentes saveurs OFFERTES | Boisson sans sucre avec bouchon anti-fuite et paille pour adulte enfant<\/p>\n","protected":false},"featured_media":505,"comment_status":"open","ping_status":"closed","template":"","meta":{"om_disable_all_campaigns":false,"_monsterinsights_skip_tracking":false,"_monsterinsights_sitenote_active":false,"_monsterinsights_sitenote_note":"","_monsterinsights_sitenote_category":0,"neve_meta_sidebar":"","neve_meta_container":"","neve_meta_enable_content_width":"off","neve_meta_content_width":100,"neve_meta_title_alignment":"","neve_meta_author_avatar":"","neve_post_elements_order":"","neve_meta_disable_header":"","neve_meta_disable_footer":"","neve_meta_disable_title":"","_themeisle_gutenberg_block_has_review":false},"product_brand":[],"product_cat":[34],"product_tag":[44],"class_list":{"0":"post-502","1":"product","2":"type-product","3":"status-publish","4":"has-post-thumbnail","6":"product_cat-abbisense","7":"product_tag-univers-maison","9":"first","10":"instock","11":"sale","12":"featured","13":"shipping-taxable","14":"product-type-external"},"aioseo_notices":[],"jetpack_sharing_enabled":true,"_links":{"self":[{"href":"https:\/\/abbi-essentiels.fr\/index.php\/wp-json\/wp\/v2\/product\/502","targetHints":{"allow":["GET"]}}],"collection":[{"href":"https:\/\/abbi-essentiels.fr\/index.php\/wp-json\/wp\/v2\/product"}],"about":[{"href":"https:\/\/abbi-essentiels.fr\/index.php\/wp-json\/wp\/v2\/types\/product"}],"replies":[{"embeddable":true,"href":"https:\/\/abbi-essentiels.fr\/index.php\/wp-json\/wp\/v2\/comments?post=502"}],"wp:featuredmedia":[{"embeddable":true,"href":"https:\/\/abbi-essentiels.fr\/index.php\/wp-json\/wp\/v2\/media\/505"}],"wp:attachment":[{"href":"https:\/\/abbi-essentiels.fr\/index.php\/wp-json\/wp\/v2\/media?parent=502"}],"wp:term":[{"taxonomy":"product_brand","embeddable":true,"href":"https:\/\/abbi-essentiels.fr\/index.php\/wp-json\/wp\/v2\/product_brand?post=502"},{"taxonomy":"product_cat","embeddable":true,"href":"https:\/\/abbi-essentiels.fr\/index.php\/wp-json\/wp\/v2\/product_cat?post=502"},{"taxonomy":"product_tag","embeddable":true,"href":"https:\/\/abbi-essentiels.fr\/index.php\/wp-json\/wp\/v2\/product_tag?post=502"}],"curies":[{"name":"wp","href":"https:\/\/api.w.org\/{rel}","templated":true}]}}