{"id":550,"date":"2023-10-15T15:32:42","date_gmt":"2023-10-15T15:32:42","guid":{"rendered":"https:\/\/abbi-essentiels.fr\/?post_type=product&#038;p=550"},"modified":"2025-01-27T18:03:06","modified_gmt":"2025-01-27T18:03:06","slug":"seringues-nasales-x2-2","status":"publish","type":"product","link":"https:\/\/abbi-essentiels.fr\/index.php\/produit\/seringues-nasales-x2-2\/","title":{"rendered":"Seringues nasales kit x2 + goupillon"},"content":{"rendered":"<p>Fini les angoisses du lavage de nez (cris, pleurs, b\u00e9b\u00e9 qui se d\u00e9bat). Le lavage du nez de votre enfant ne sera plus une \u00e9preuve pour vous comme pour lui.<\/p>\n<p>Avec le kit seringues <strong>ABBICARE\u2122<\/strong>, son hygi\u00e8ne du nez sera d\u00e9sormais r\u00e9alis\u00e9 avec beaucoup plus de confort et moins d&rsquo;appr\u00e9hension pour vous deux. <strong>Retrouvez un moment de s\u00e9r\u00e9nit\u00e9 avec votre enfant.<\/strong><\/p>\n<p>Ce kit sera votre parfait alli\u00e9 pour un lavage de nez r\u00e9ussi permettant de limiter les risques de complications li\u00e9es aux rhumes, bronchiolites ou allergies (otites, sinusites,&#8230;). Notre kit exclusif se compose de:<\/p>\n<ul>\n<li>2 seringues avec embouts silicone sp\u00e9cifiquement adapt\u00e9s aux narines d&rsquo;enfant<\/li>\n<li>1 goupillon de nettoyage offert<\/li>\n<li>notre guide \u00e9tape par \u00e9tape pour r\u00e9aliser ce soin sans appr\u00e9hension.<\/li>\n<\/ul>\n<p>L&rsquo;utilisation des seringues nasales est conseill\u00e9e \u00e0 partir de l&rsquo;\u00e2ge de 3-4 mois. Les \u2795 de notre kit sont :<\/p>\n<p>\u2795 DE CONFORT (pour vous et votre enfant)<br \/>\n\u2795 ECONOMIQUE (passez aux bouteilles de s\u00e9rum ou \u00e0 votre propre solution saline)<br \/>\n\u2795 ECOLOGIQUE (seringues r\u00e9utilisables, ne jetez plus 3-4 pipettes \u00e0 chaque lavage de nez)<br \/>\n\u2795 PRATIQUE (kit tout en 1 pour vous faciliter le lavage)<\/p>\n<p>Notre guide vous accompagnera si ce type de soin est nouveau pour vous (avec une vid\u00e9o explicative). Notre \u00e9quipe support fran\u00e7aise \ud83c\uddeb\ud83c\uddf7 est aussi \u00e0 votre disposition pour toutes informations compl\u00e9mentaires. Produit fabriqu\u00e9 avec des mat\u00e9riaux s\u00fbrs pour la sant\u00e9 et garantie <strong>sans bisph\u00e9nol A<\/strong>, approuv\u00e9 par les parents et les professionnels de la petite enfance. <strong>Certifi\u00e9 norme CE 2017\/745<\/strong>.<\/p>\n<blockquote><p><em>L&rsquo;inscription des graduations en ml pr\u00e9sente sur les seringues peut dispara\u00eetre apr\u00e8s plusieurs lavages sans incidence sur l&rsquo;utilisation des seringues.<\/em><\/p><\/blockquote>\n<p><img loading=\"lazy\" decoding=\"async\" class=\"aligncenter wp-image-1031 size-large\" src=\"https:\/\/abbi-essentiels.fr\/wp-content\/uploads\/2023\/10\/SERINGUE-1024x634.jpg\" alt=\"\" width=\"1024\" height=\"634\" srcset=\"https:\/\/abbi-essentiels.fr\/wp-content\/uploads\/2023\/10\/SERINGUE-1024x634.jpg 1024w, https:\/\/abbi-essentiels.fr\/wp-content\/uploads\/2023\/10\/SERINGUE-300x186.jpg 300w, https:\/\/abbi-essentiels.fr\/wp-content\/uploads\/2023\/10\/SERINGUE-768x475.jpg 768w, https:\/\/abbi-essentiels.fr\/wp-content\/uploads\/2023\/10\/SERINGUE-1536x950.jpg 1536w, https:\/\/abbi-essentiels.fr\/wp-content\/uploads\/2023\/10\/SERINGUE-2048x1267.jpg 2048w, https:\/\/abbi-essentiels.fr\/wp-content\/uploads\/2023\/10\/SERINGUE-600x371.jpg 600w\" sizes=\"auto, (max-width: 1024px) 100vw, 1024px\" \/><\/p>\n","protected":false},"excerpt":{"rendered":"<p>Seringue nasale bebe 10ml ABBICARE\u2122 sans BPA-CE | Kit 2 seringues avec embouts silicone + 2 embouts suppl\u00e9ment OFFERTS et guide conseil<\/p>\n","protected":false},"featured_media":551,"comment_status":"open","ping_status":"closed","template":"","meta":{"om_disable_all_campaigns":false,"_monsterinsights_skip_tracking":false,"_monsterinsights_sitenote_active":false,"_monsterinsights_sitenote_note":"","_monsterinsights_sitenote_category":0,"neve_meta_sidebar":"","neve_meta_container":"","neve_meta_enable_content_width":"off","neve_meta_content_width":100,"neve_meta_title_alignment":"","neve_meta_author_avatar":"","neve_post_elements_order":"","neve_meta_disable_header":"","neve_meta_disable_footer":"","neve_meta_disable_title":"","_themeisle_gutenberg_block_has_review":false},"product_brand":[],"product_cat":[33],"product_tag":[47],"class_list":{"0":"post-550","1":"product","2":"type-product","3":"status-publish","4":"has-post-thumbnail","6":"product_cat-abbicare","7":"product_tag-univers-bebe-et-sante","9":"first","10":"instock","11":"shipping-taxable","12":"product-type-external"},"aioseo_notices":[],"jetpack_sharing_enabled":true,"_links":{"self":[{"href":"https:\/\/abbi-essentiels.fr\/index.php\/wp-json\/wp\/v2\/product\/550","targetHints":{"allow":["GET"]}}],"collection":[{"href":"https:\/\/abbi-essentiels.fr\/index.php\/wp-json\/wp\/v2\/product"}],"about":[{"href":"https:\/\/abbi-essentiels.fr\/index.php\/wp-json\/wp\/v2\/types\/product"}],"replies":[{"embeddable":true,"href":"https:\/\/abbi-essentiels.fr\/index.php\/wp-json\/wp\/v2\/comments?post=550"}],"wp:featuredmedia":[{"embeddable":true,"href":"https:\/\/abbi-essentiels.fr\/index.php\/wp-json\/wp\/v2\/media\/551"}],"wp:attachment":[{"href":"https:\/\/abbi-essentiels.fr\/index.php\/wp-json\/wp\/v2\/media?parent=550"}],"wp:term":[{"taxonomy":"product_brand","embeddable":true,"href":"https:\/\/abbi-essentiels.fr\/index.php\/wp-json\/wp\/v2\/product_brand?post=550"},{"taxonomy":"product_cat","embeddable":true,"href":"https:\/\/abbi-essentiels.fr\/index.php\/wp-json\/wp\/v2\/product_cat?post=550"},{"taxonomy":"product_tag","embeddable":true,"href":"https:\/\/abbi-essentiels.fr\/index.php\/wp-json\/wp\/v2\/product_tag?post=550"}],"curies":[{"name":"wp","href":"https:\/\/api.w.org\/{rel}","templated":true}]}}