{"id":654,"date":"2023-10-25T13:25:22","date_gmt":"2023-10-25T13:25:22","guid":{"rendered":"https:\/\/abbi-essentiels.fr\/?post_type=product&#038;p=654"},"modified":"2025-11-06T15:26:58","modified_gmt":"2025-11-06T15:26:58","slug":"thermometre-frontal-et-auriculaire-infrarouge","status":"publish","type":"product","link":"https:\/\/abbi-essentiels.fr\/index.php\/produit\/thermometre-frontal-et-auriculaire-infrarouge\/","title":{"rendered":"Thermom\u00e8tre frontal et auriculaire infrarouge"},"content":{"rendered":"<p><span class=\"a-list-item\">\ud83c\udfaf MESURE RAPIDE ET PR\u00c9CISE : Le thermom\u00e8tre digital ABBICARE assure une lecture instantan\u00e9e et fiable de la temp\u00e9rature, que ce soit au niveau du front ou de l\u2019oreille, en seulement une seconde. Il peut m\u00e9moriser jusqu\u2019\u00e0 35 relev\u00e9s pour un suivi facilit\u00e9 de la sant\u00e9 de vos proches.<\/span><\/p>\n<p><span class=\"a-list-item\">\ud83d\udc23 FONCTION SP\u00c9CIALE POUR B\u00c9B\u00c9 : Con\u00e7u pour les tout-petits, le mode b\u00e9b\u00e9 (mode pediatrique) permet de surveiller leur temp\u00e9rature en douceur, m\u00eame pendant leur sommeil, sans les r\u00e9veiller ni les d\u00e9ranger. En cas de fi\u00e8vre persistante, un avis m\u00e9dical reste recommand\u00e9.<\/span><\/p>\n<p><span class=\"a-list-item\">\ud83c\udf21 MODES MULTIFONCTIONNELS : Gr\u00e2ce \u00e0 ses options : frontal, auriculaire, objet et b\u00e9b\u00e9, ce thermom\u00e8tre polyvalent s\u2019adapte \u00e0 tous les usages et tous les membres de la famille adulte et enfant. Il devient un alli\u00e9 indispensable \u00e0 la maison.<\/span><\/p>\n<p><span class=\"a-list-item\">\ud83e\udd27 MESURES HYGI\u00c9NIQUES, SANS CONTACT : sa technologie infrarouge de haute pr\u00e9cision permet une prise de temp\u00e9rature frontale rapide, fiable et sans contact, limitant ainsi tout risque de transmission de germes entre les membres de la famille ou dans un cadre m\u00e9dical.<\/span><\/p>\n<p><span class=\"a-list-item\">\ud83e\udd47 APPAREIL S\u00dbR ET EFFICACE : Livr\u00e9 avec une pochette de rangement rigide comme accessoire, ce thermom\u00e8tre respecte les exigences des normes m\u00e9dicales professionnelles europ\u00e9ennes. Sa technologie de pointe vous garantit des relev\u00e9s fiables \u00e0 chaque utilisation. Ideal pour les pharmacies ou kits de premiers secours.<\/span><\/p>\n<p><span class=\"a-list-item\">\ud83d\udee0\ufe0f VOTRE SATISFACTION, NOTRE MISSION : Pour toute question ou difficult\u00e9, notre \u00e9quipe d\u00e9di\u00e9e reste \u00e0 votre \u00e9coute afin de vous apporter une assistance rapide et efficace. Convaincus de la qualit\u00e9 de nos services, b\u00e9n\u00e9ficiez de notre garantie \u00ab\u00a0satisfait ou rembours\u00e9\u00a0\u00bb.<\/span><\/p>\n","protected":false},"excerpt":{"rendered":"<p>Thermom\u00e8tre frontal auriculaire multifonctions ABBICARE\u2122 avec sacoche | Mode sp\u00e9cial b\u00e9b\u00e9 ultra pr\u00e9cis et rapide 1sec sans contact | thermometre professionnel infrarouge bain lait surface<\/p>\n","protected":false},"featured_media":1158,"comment_status":"open","ping_status":"closed","template":"","meta":{"om_disable_all_campaigns":false,"_monsterinsights_skip_tracking":false,"_monsterinsights_sitenote_active":false,"_monsterinsights_sitenote_note":"","_monsterinsights_sitenote_category":0,"neve_meta_sidebar":"","neve_meta_container":"","neve_meta_enable_content_width":"off","neve_meta_content_width":100,"neve_meta_title_alignment":"","neve_meta_author_avatar":"","neve_post_elements_order":"","neve_meta_disable_header":"","neve_meta_disable_footer":"","neve_meta_disable_title":"","_themeisle_gutenberg_block_has_review":false},"product_brand":[],"product_cat":[33],"product_tag":[45],"class_list":{"0":"post-654","1":"product","2":"type-product","3":"status-publish","4":"has-post-thumbnail","6":"product_cat-abbicare","7":"product_tag-univers-bebe-sante","9":"first","10":"instock","11":"shipping-taxable","12":"product-type-external"},"aioseo_notices":[],"jetpack_sharing_enabled":true,"_links":{"self":[{"href":"https:\/\/abbi-essentiels.fr\/index.php\/wp-json\/wp\/v2\/product\/654","targetHints":{"allow":["GET"]}}],"collection":[{"href":"https:\/\/abbi-essentiels.fr\/index.php\/wp-json\/wp\/v2\/product"}],"about":[{"href":"https:\/\/abbi-essentiels.fr\/index.php\/wp-json\/wp\/v2\/types\/product"}],"replies":[{"embeddable":true,"href":"https:\/\/abbi-essentiels.fr\/index.php\/wp-json\/wp\/v2\/comments?post=654"}],"wp:featuredmedia":[{"embeddable":true,"href":"https:\/\/abbi-essentiels.fr\/index.php\/wp-json\/wp\/v2\/media\/1158"}],"wp:attachment":[{"href":"https:\/\/abbi-essentiels.fr\/index.php\/wp-json\/wp\/v2\/media?parent=654"}],"wp:term":[{"taxonomy":"product_brand","embeddable":true,"href":"https:\/\/abbi-essentiels.fr\/index.php\/wp-json\/wp\/v2\/product_brand?post=654"},{"taxonomy":"product_cat","embeddable":true,"href":"https:\/\/abbi-essentiels.fr\/index.php\/wp-json\/wp\/v2\/product_cat?post=654"},{"taxonomy":"product_tag","embeddable":true,"href":"https:\/\/abbi-essentiels.fr\/index.php\/wp-json\/wp\/v2\/product_tag?post=654"}],"curies":[{"name":"wp","href":"https:\/\/api.w.org\/{rel}","templated":true}]}}