{"id":666,"date":"2023-10-29T08:41:22","date_gmt":"2023-10-29T08:41:22","guid":{"rendered":"https:\/\/abbi-essentiels.fr\/?post_type=product&#038;p=666"},"modified":"2025-01-27T18:01:46","modified_gmt":"2025-01-27T18:01:46","slug":"bloc-porte-securite-bebe","status":"publish","type":"product","link":"https:\/\/abbi-essentiels.fr\/index.php\/produit\/bloc-porte-securite-bebe\/","title":{"rendered":"Bloc porte s\u00e9curit\u00e9 b\u00e9b\u00e9 Kit8"},"content":{"rendered":"<p>\ud83d\udd12LA SECURITE DE BEBE AVANT TOUT : S\u00e9curiser l&rsquo;int\u00e9rieur de sa maison quand on a des enfants : c\u2019est avoir le bon r\u00e9flexe ! Les enfants sont curieux de nature et adorent fouiller dans les tiroirs, placards, frigo et autres endroits. Avec nos bloque-portes, vous prot\u00e9gerez au mieux vos enfants d\u00e8s leur plus jeune \u00e2ge de possibles accidents domestiques.<\/p>\n<p>\u26f3AYEZ L&rsquo;ESPRIT TRANQUILLE : Fini de retrouver les placards de la cuisine vid\u00e9s \u00e0 m\u00eame le sol ou de voir votre enfant jouer dans la cuvette des toilettes. Ses petites mains baladeuses ont tendance \u00e0 faire quelques b\u00eatises&#8230; Nos bloque-portes peuvent \u00eatre install\u00e9s facilement dans pratiquement toute la maison. Un gage de tranquillit\u00e9 pour toute la famille.<\/p>\n<p>\ud83c\udfc5EFFICACITE ET PRATICITE : Un bloque-porte oui, mais faut-il qu&rsquo;il soit efficace ! La robustesse et le loquet de notre bloque-porte emp\u00eachera b\u00e9b\u00e9 de l&rsquo;ouvrir voire de l&rsquo;arracher (r\u00e9sistance de 30kg) restant tout de m\u00eame assez facile \u00e0 ouvrir pour un adulte. Les languettes sont ajustables et peuvent \u00eatre d\u00e9coup\u00e9es pour plus d&rsquo;esth\u00e9tisme.<\/p>\n<p>\u2705CONCEPTION ET QUALITE OPTIMALE : La conception de nos bloque-portes permet une installation rapide et facile (sans outils et sans soucis) sur pratiquement tout type d&rsquo;appareils \u00e9lectrom\u00e9nagers ou de meubles (bois, laqu\u00e9, verre,&#8230;). Con\u00e7us \u00e0 partir d&rsquo;un mat\u00e9riau ABS de haute qualit\u00e9 leur garantissant solidit\u00e9 et durabilit\u00e9 et ils sont aussi \u00e9quip\u00e9s d&rsquo;un adh\u00e9sive 3M assurant une forte adh\u00e9rence tout en pr\u00e9servant vos supports (pas de traces ni de trous).<\/p>\n<p>\ud83c\udfc6KIT EXCLUSIF : Notre kit exclusif a \u00e9t\u00e9 con\u00e7u afin de vous \u00eatre le plus utile possible. Compos\u00e9 de 8 bloque-portes, nous y avons aussi ajouter 1 grattoir. Enfin, une fois b\u00e9b\u00e9 plus grand, le retrait de nos bloque-portes sera ainsi faciliter. A l&rsquo;\u00e9coute de nos clients et leur satisfaction \u00e9tant notre priorit\u00e9, nous offrons aussi un support disponible 6j\/7 pour r\u00e9pondre \u00e0 vos \u00e9ventuelles probl\u00e9matiques.<\/p>\n","protected":false},"excerpt":{"rendered":"<p>Bloque porte s\u00e9curit\u00e9 b\u00e9b\u00e9 | Kit securite enfant 8 bloc portes + grattoir INCLUS | Installation facile sans outil<\/p>\n","protected":false},"featured_media":678,"comment_status":"open","ping_status":"closed","template":"","meta":{"om_disable_all_campaigns":false,"_monsterinsights_skip_tracking":false,"_monsterinsights_sitenote_active":false,"_monsterinsights_sitenote_note":"","_monsterinsights_sitenote_category":0,"neve_meta_sidebar":"","neve_meta_container":"","neve_meta_enable_content_width":"off","neve_meta_content_width":100,"neve_meta_title_alignment":"","neve_meta_author_avatar":"","neve_post_elements_order":"","neve_meta_disable_header":"","neve_meta_disable_footer":"","neve_meta_disable_title":"","_themeisle_gutenberg_block_has_review":false},"product_brand":[],"product_cat":[39],"product_tag":[45,44],"class_list":{"0":"post-666","1":"product","2":"type-product","3":"status-publish","4":"has-post-thumbnail","6":"product_cat-abbi-essentiels","7":"product_tag-univers-bebe-sante","8":"product_tag-univers-maison","10":"first","11":"instock","12":"shipping-taxable","13":"product-type-external"},"aioseo_notices":[],"jetpack_sharing_enabled":true,"_links":{"self":[{"href":"https:\/\/abbi-essentiels.fr\/index.php\/wp-json\/wp\/v2\/product\/666","targetHints":{"allow":["GET"]}}],"collection":[{"href":"https:\/\/abbi-essentiels.fr\/index.php\/wp-json\/wp\/v2\/product"}],"about":[{"href":"https:\/\/abbi-essentiels.fr\/index.php\/wp-json\/wp\/v2\/types\/product"}],"replies":[{"embeddable":true,"href":"https:\/\/abbi-essentiels.fr\/index.php\/wp-json\/wp\/v2\/comments?post=666"}],"wp:featuredmedia":[{"embeddable":true,"href":"https:\/\/abbi-essentiels.fr\/index.php\/wp-json\/wp\/v2\/media\/678"}],"wp:attachment":[{"href":"https:\/\/abbi-essentiels.fr\/index.php\/wp-json\/wp\/v2\/media?parent=666"}],"wp:term":[{"taxonomy":"product_brand","embeddable":true,"href":"https:\/\/abbi-essentiels.fr\/index.php\/wp-json\/wp\/v2\/product_brand?post=666"},{"taxonomy":"product_cat","embeddable":true,"href":"https:\/\/abbi-essentiels.fr\/index.php\/wp-json\/wp\/v2\/product_cat?post=666"},{"taxonomy":"product_tag","embeddable":true,"href":"https:\/\/abbi-essentiels.fr\/index.php\/wp-json\/wp\/v2\/product_tag?post=666"}],"curies":[{"name":"wp","href":"https:\/\/api.w.org\/{rel}","templated":true}]}}